s v(w)?
5
Let f(y) = 5*y. Let s(q) = q. Let c(n) = -f(n) + 6*s(n). Let p be c(2). Let d(i) = -5*i**p + i - 2*i + 6*i**2 - i**3. Determine d(2).
-6
Let a(o) = o**2 + 3*o + 4. Let b(h) = -h**2 - 4*h - 5. Let y(k) = -5*a(k) - 4*b(k). Suppose 3*f + 21 = -0*f. Let i = -6 - f. Determine y(i).
0
Let h be (-6)/(-4) + 3/6. Let t(v) = -17*v + 0 + 8*v + 3*v + 7 + v**h. Calculate t(5).
2
Suppose -4*i + 2*y - 38 = 0, 5*i - 3*y + 6*y + 20 = 0. Let l(x) = -x**3 - 8*x**2 - 8*x + 3. Determine l(i).
10
Let k(o) = -5 - 2*o - 2 + o. Suppose v - 2*a = -0*a, 0 = 5*v - 2*a. Give k(v).
-7
Let z(d) = -d**3 + 3*d**2 - 4*d + 14. Let w(l) = 2*l**3 - 7*l**2 + 9*l - 28. Let t(o) = 3*w(o) + 7*z(o). Give t(0).
14
Let w = 15 - 10. Suppose -i + 4*i - 3*r + 24 = 0, -w*i - r = 16. Let l(g) = -4 - 11*g + 4*g - 6*g**2 + 0*g**2 - g**3. What is l(i)?
-8
Let q(c) = 2*c**2 - 21*c + 8. Let z(h) = h**2 - 11*h + 4. Let v(w) = 6*q(w) - 11*z(w). Suppose 3*g - 5*u = 35, -5*g + 29 = 3*u - 4*u. What is v(g)?
4
Let c(t) = -t + 11. Let w(j) = 2*j**3 - 4*j - 1. Let q be w(2). Give c(q).
4
Let d be (-16)/(-40) + (-16)/(-10). Let p(x) = 7 - 5 + 4 + 3*x - x**2 + d*x. What is p(6)?
0
Let n(j) = -j + 1. Suppose 0 = -h - 4*h - 5*v, 2*h = 4*v - 6. Determine n(h).
2
Suppose 0 = m - 0*m - 2*o - 10, -3 = -m - 5*o. Let g be m*1 - (-1 - -3). Let r(c) = 0*c - g*c**3 - 2*c + 1 + 2*c**2 + c**3. Calculate r(1).
-4
Let v(h) = h**2 - 11*h + 12. Let i be v(10). Let f be 6*(3 - (0 + i)). Let q(r) = -r**3 + 5*r**2 + 6*r - 3. Calculate q(f).
-3
Let u(i) = -2*i**3 - 5*i**2 - 6. Let p(m) be the first derivative of m**4/4 + 1. Suppose s + 6 = 5. Let g(x) = s*u(x) - 3*p(x). Determine g(5).
6
Let q be -1 - (-5)/((-5)/(-4)). Let w(y) be the first derivative of y**3/3 - y**2/2 - 3*y - 44. Calculate w(q).
3
Let m(d) be the third derivative of 0*d + 0 + 1/6*d**4 - 1/6*d**3 - d**2. Give m(2).
7
Suppose 3*d - 3*s - 15 = -7*s, s + 1 = 4*d. Let r(n) be the first derivative of -n**3 - n**2/2 + n + 24. Give r(d).
-3
Suppose 0 = 5*c - 3*c + 14. Let f(z) = -z**3 - 8*z**2 - 5*z + 9. Determine f(c).
-5
Let t(j) = -j + 1. Suppose -g + 2 = -0*g, 5*k = -4*g + 38. Calculate t(k).
-5
Let x(o) = -o**3 - 2*o + 1. Suppose -46*j = -49*j + 3. Give x(j).
-2
Let i be -2 + 3 - -1 - 2. Let l = 3 + i. Let w(k) be the third derivative of -k**4/24 + k**3/6 - k**2. Calculate w(l).
-2
Let p = -6 - -10. Suppose 3*r - 13 = 5*h - p*h, 0 = -3*h + 4*r - 24. Let c(x) = -x**2 - 4*x + 4. What is c(h)?
4
Let q(m) = -7*m**2 - 3*m + 1. Let f = 18 - 12. Let k(r) = -2 - 43*r**2 + 6*r + 56*r**2 + 0*r. Let a(t) = f*k(t) + 11*q(t). Calculate a(-3).
-1
Let b(k) = -5*k - 8*k + 2 + k**2 + 12*k. Determine b(0).
2
Let g(b) = b**2 + 2*b - 4. Let i be -2 - -2 - 0/2. Let o(c) = -c. Let v be o(4). Let j = i + v. Give g(j).
4
Let a(l) = -l**2 - 5. Let g(x) = -7*x - 5. Let n be g(-2). Let m = -9 + n. Determine a(m).
-5
Let u(k) = k**3 - 4*k**2 + 3*k + 3. Suppose -3*h + 15 = -12. Suppose -2*c = -3*m - 30, -h = c + 5*m + 2. Suppose b + c = 4*b. What is u(b)?
3
Let o(p) = 4*p**2 + 2*p - 2. Let y(t) = 3*t**2 + 2*t - 1. Let u(n) = -4*o(n) + 5*y(n). Determine u(3).
0
Let y(i) = i**2 - 4*i + 1. Let j be (-2)/(15/(-9) + 1). Calculate y(j).
-2
Let b(z) = -5*z**2 - 3*z. Let p(r) = r**2 + 1. Let f(x) = -b(x) - 4*p(x). Let c = -42 - -38. Give f(c).
0
Let b(a) be the third derivative of 1/120*a**6 + 1/12*a**4 + 0 + 0*a - 1/12*a**5 + 2*a**2 - 1/3*a**3. Determine b(5).
8
Let g = -9 + 11. Let t(u) = 2*u**3 - 3*u**2 + u - 1. Determine t(g).
5
Let b(l) = -l**3 + 1 - 1. Let t be b(-1). Let z(n) = -t + 1 - n - 3. Give z(5).
-8
Let c = -119/3 + 40. Let l(m) be the second derivative of -1/2*m**2 - 5/12*m**4 + 0 - 3*m - c*m**3. Calculate l(-1).
-4
Suppose 0 = 2*s + 5 - 13. Suppose 4 + 16 = 5*z, -o + s = z. Let a(b) = -1 - b - b**3 - 1 + b**2 + 0*b**3 - 2. Calculate a(o).
-4
Let n(s) = s**2 - 2*s**2 - 4 - 3*s**2 + s**3 - 3*s + s**2. Give n(3).
-13
Let y(d) = d - 4. Let v be y(6). Let i(k) = k**2 + 3 - 10*k + 0*k**2 + 8*k. Give i(v).
3
Let r be (-6)/(-15) - 16/40. Let h(v) be the third derivative of -2*v**2 + 0 - 1/60*v**5 - 1/8*v**4 + r*v + 1/3*v**3. Calculate h(-5).
-8
Let g(m) = m**3 + 10*m**2 + 9*m + 5. Let q(h) = -h**3 + 2*h**2 + 5*h + 3. Let d be q(4). Calculate g(d).
5
Let s be (-6)/8*-2*2. Let g(j) = 0*j**2 + s - 7 + j**2 - j + 2. Determine g(3).
4
Let j(v) = 3*v + 6. Let x(b) = -b**3 + 6*b**2 + 3*b + 10. Let o be x(7). Let c be (-4)/o + (-688)/18. Let y be (-4)/(-18) - c/(-9). What is j(y)?
-6
Let q(h) = -h + 6*h - h**3 - 78*h**2 - 73*h**2 - 2 + 149*h**2. Suppose 0*u = 5*u + 20. Give q(u).
10
Let k be ((-1)/(-2))/(2/(-4)). Let s = -3 - k. Let l(b) = -4*b. Let a(h) = -h - 1. Let t(u) = -2*a(u) + l(u). Give t(s).
6
Let p(d) = 6*d. Suppose 5*i = -5*t - 25, 11 = -2*i - i - 2*t. Let c = i + 3. Let g be -1 + c + -1 + 1. What is p(g)?
6
Let d = -19 + 13. Let v(l) be the first derivative of l**4/4 + 5*l**3/3 - 5*l**2/2 - 4*l - 2. Give v(d).
-10
Suppose z + 19 = 2*z - 4*b, -2*z = -2*b - 8. Let v(i) = -i**2 + 2*i + 1. Give v(z).
-2
Let d(r) be the third derivative of -r**4/24 - r**3/6 + 33*r**2. Calculate d(-2).
1
Let r(a) = 5*a**2 + 6*a - 6. Let o(g) = 4*g**2 + 5*g - 5. Suppose -x = -7 + 2. Let i be 1*-2 + (-20)/5. Let n(p) = i*o(p) + x*r(p). Calculate n(-3).
9
Let y(d) be the second derivative of d**2 + 1/12*d**4 + 0 + 2*d - 1/2*d**3. Determine y(4).
6
Let v = -3 - -10. Let y(n) = 3 + v*n - 3*n - 6*n + n. What is y(4)?
-1
Let p(o) = -o + 4. Suppose 3*c = -9, 0 + 12 = r - 2*c. Calculate p(r).
-2
Let b(s) be the third derivative of -s**4/12 - s**3/3 + s**2. Let p = 5 + -3. What is b(p)?
-6
Let k(c) = c**2 + 1 - 9*c**2 + 17*c**2. Let p(f) = -f**3 + 2*f**2. Let j be p(1). Determine k(j).
10
Let f be ((-1)/(-2))/((-2)/16). Let w(o) = -30 - o - 2*o + 2*o + 34. What is w(f)?
8
Let a(c) be the first derivative of -c**4/4 - 4*c**3/3 - 2*c**2 - 3*c - 4. Determine a(-3).
0
Let g(h) = -h**3 + 5*h**2 - 3*h + 1. Let m(d) = -10*d. Let s be m(-3). Suppose 4*q = q + s. Suppose q + 2 = 4*c. What is g(c)?
10
Let w(x) = -13*x**2 + x - 1. Let i be 2/14*(-91)/(-13). What is w(i)?
-13
Let f(k) be the second derivative of k**3 + 2*k**2 + 2*k. What is f(-3)?
-14
Let v(u) be the second derivative of u**3/6 - 7*u**2/2 - 11*u. What is v(-5)?
-12
Suppose -15 - 3 = -5*y + 4*i, -5*y = 3*i - 4. Let m(a) = 7*a - y*a - 2*a + 0*a + 1. Determine m(2).
7
Let p(i) = -i**3 - 5*i**2 + 4*i - 5. Let m(k) = -k**3 + 2*k**2 + 2*k + 1. Let q be m(-1). Suppose -2*c = -3*c - 5*l - 16, -q*c = 3*l + 18. Determine p(c).
7
Let x(j) be the third derivative of -j**8/6720 + j**7/1260 + j**6/180 + j**5/120 - j**4/8 - 3*j**2. Let a(g) be the second derivative of x(g). Give a(3).
4
Suppose 0 = -5*h + 25, 5 = -7*s + 6*s + 2*h. Let w(v) = -v**3 + 4*v**2 + 6*v - 2. Calculate w(s).
3
Let x(p) be the third derivative of p**4/24 - p**3/6 - 65*p**2. Determine x(4).
3
Let f(w) be the first derivative of w**2/2 + w + 5. Let s(m) = m**2 - 5*m + 2. Let g be s(5). Suppose -5*c - 3 = -g*z, 0 = 3*z - c + 2. Determine f(z).
0
Suppose 9 - 1 = p + 2*g, -2*p + 3*g = 12. Let m(d) = d**2 + d + 6. Determine m(p).
6
Let l be (33/(-12) - -3)*4. Let j = l - 4. Let r(n) be the second derivative of n**5/20 + n**4/6 - n**3/3 - n**2/2 + n. What is r(j)?
-4
Let h(v) = 5*v**3 - 14*v**2 - 7*v - 5. Let s(f) = 14*f**3 - 41*f**2 - 20*f - 14. Let m(y) = -17*h(y) + 6*s(y). Give m(-8).
9
Let u(k) be the first derivative of -k**3/3 + k**2/2 - 8*k + 1. Let h be 6*(7/2 + -3). Let b = h + -3. What is u(b)?
-8
Suppose -2*g - 2*g + 16 = 0. Let m(y) = -3*y + 1. Let a(p) = -7*p + 1. Let h(q) = 4*a(q) - 10*m(q). Determine h(g).
2
Suppose 0 = z + 4*a - 13, -z + 5*z + 3*a = 26. Suppose -z*t = 3 - 33. Let m(v) = 8*v**2 + t - 2*v**2 + 2*v + 4*v + v**3. Calculate m(-5).
1
Let p(g) = 2*g + 17. Let j(m) = m + 9. Let i(o) = 7*j(o) - 4*p(o). Give i(0).
-5
Suppose 5*x - 3*x - 4*m = 0, -x - 10 = 3*m. Let f(v) = 3*v + 4. Give f(x).
-8
Let g(x) be the second derivative of -x**5/20 + x**4 - 5*x**3/3 - 3*x**2 + 9*x. Let j be g(11). Let z(s) = -s + 6. Determine z(j).
1
Let m(z) = 9*z. Let t be m(3). Suppose 7 - t = 5*j. Let q(u) = -6*u + u**3 + 2 - 8*u + 17*u + 5*u**2. Give q(j).
6
Let w(r) = 3*r**2 + r + 1. Let d be 6*-1*8/(-3). Let f = d + -14. Determine w(f).
15
Let s(v) = -v**2 + 3*v + 2. Suppose f = t + 4, -4*t 